{"id":298,"date":"2019-04-01T11:29:25","date_gmt":"2019-04-01T11:29:25","guid":{"rendered":"http:\/\/vega-english-courses.com\/?page_id=298"},"modified":"2024-06-19T19:33:31","modified_gmt":"2024-06-19T19:33:31","slug":"kontakt","status":"publish","type":"page","link":"https:\/\/vega-english-courses.com\/?page_id=298","title":{"rendered":"Kontakt"},"content":{"rendered":"\t\t<div data-elementor-type=\"post\" data-elementor-id=\"298\" class=\"elementor elementor-298\" data-elementor-settings=\"[]\">\n\t\t\t<div class=\"elementor-inner\">\n\t\t\t\t<div class=\"elementor-section-wrap\">\n\t\t\t\t\t\t\t<section data-id=\"72bd3c98\" class=\"elementor-element elementor-element-72bd3c98 elementor-section-stretched elementor-section-boxed elementor-section-height-default elementor-section-height-default elementor-section elementor-top-section\" data-settings=\"{&quot;stretch_section&quot;:&quot;section-stretched&quot;,&quot;background_background&quot;:&quot;classic&quot;}\" data-element_type=\"section\">\n\t\t\t\t\t\t\t<div class=\"elementor-background-overlay\"><\/div>\n\t\t\t\t\t\t\t<div class=\"elementor-container elementor-column-gap-default\">\n\t\t\t\t<div class=\"elementor-row\">\n\t\t\t\t<div data-id=\"70cecbc5\" class=\"elementor-element elementor-element-70cecbc5 elementor-column elementor-col-100 elementor-top-column\" data-element_type=\"column\">\n\t\t\t<div class=\"elementor-column-wrap  elementor-element-populated\">\n\t\t\t\t\t<div class=\"elementor-widget-wrap\">\n\t\t\t\t<div data-id=\"915eb53\" class=\"elementor-element elementor-element-915eb53 elementor-widget elementor-widget-heading\" data-element_type=\"heading.default\">\n\t\t\t\t<div class=\"elementor-widget-container\">\n\t\t\t<h4 class=\"elementor-heading-title elementor-size-default\">Kontakt<\/h4>\t\t<\/div>\n\t\t\t\t<\/div>\n\t\t\t\t\t\t<\/div>\n\t\t\t<\/div>\n\t\t<\/div>\n\t\t\t\t\t\t<\/div>\n\t\t\t<\/div>\n\t\t<\/section>\n\t\t\t\t<section data-id=\"7bdab120\" class=\"elementor-element elementor-element-7bdab120 elementor-section-stretched elementor-section-boxed elementor-section-height-default elementor-section-height-default elementor-section elementor-top-section\" data-settings=\"{&quot;stretch_section&quot;:&quot;section-stretched&quot;}\" data-element_type=\"section\">\n\t\t\t\t\t\t<div class=\"elementor-container elementor-column-gap-wider\">\n\t\t\t\t<div class=\"elementor-row\">\n\t\t\t\t<div data-id=\"31373451\" class=\"elementor-element elementor-element-31373451 elementor-column elementor-col-100 elementor-top-column\" data-element_type=\"column\">\n\t\t\t<div class=\"elementor-column-wrap  elementor-element-populated\">\n\t\t\t\t\t<div class=\"elementor-widget-wrap\">\n\t\t\t\t<div data-id=\"37a79ce7\" class=\"elementor-element elementor-element-37a79ce7 elementor-view-default elementor-widget elementor-widget-icon\" data-element_type=\"icon.default\">\n\t\t\t\t<div class=\"elementor-widget-container\">\n\t\t\t\t\t<div class=\"elementor-icon-wrapper\">\n\t\t\t<div class=\"elementor-icon\">\n\t\t\t\t<i class=\"fa fa-phone\" aria-hidden=\"true\"><\/i>\n\t\t\t<\/div>\n\t\t<\/div>\n\t\t\t\t<\/div>\n\t\t\t\t<\/div>\n\t\t\t\t<div data-id=\"6b5242d5\" class=\"elementor-element elementor-element-6b5242d5 elementor-widget elementor-widget-heading\" data-element_type=\"heading.default\">\n\t\t\t\t<div class=\"elementor-widget-container\">\n\t\t\t<h4 class=\"elementor-heading-title elementor-size-default\">Masz pytania? <br>Z ch\u0119ci\u0105 pomo\u017cemy!<\/h4>\t\t<\/div>\n\t\t\t\t<\/div>\n\t\t\t\t\t\t<\/div>\n\t\t\t<\/div>\n\t\t<\/div>\n\t\t\t\t\t\t<\/div>\n\t\t\t<\/div>\n\t\t<\/section>\n\t\t\t\t<section data-id=\"9ab8371\" class=\"elementor-element elementor-element-9ab8371 elementor-section-content-middle elementor-section-stretched elementor-section-boxed elementor-section-height-default elementor-section-height-default elementor-section elementor-top-section\" data-settings=\"{&quot;stretch_section&quot;:&quot;section-stretched&quot;}\" data-element_type=\"section\">\n\t\t\t\t\t\t<div class=\"elementor-container elementor-column-gap-no\">\n\t\t\t\t<div class=\"elementor-row\">\n\t\t\t\t<div data-id=\"9dcd289\" class=\"elementor-element elementor-element-9dcd289 elementor-column elementor-col-100 elementor-top-column\" data-element_type=\"column\">\n\t\t\t<div class=\"elementor-column-wrap  elementor-element-populated\">\n\t\t\t\t\t<div class=\"elementor-widget-wrap\">\n\t\t\t\t<div data-id=\"240355d\" class=\"elementor-element elementor-element-240355d elementor-widget elementor-widget-text-editor\" data-element_type=\"text-editor.default\">\n\t\t\t\t<div class=\"elementor-widget-container\">\n\t\t\t\t\t<div class=\"elementor-text-editor elementor-clearfix\"><p>Vega\u00a0<\/p><p>Akademia J\u0119zyk\u00f3w Obcych<\/p><p>02-502 Warszawa<\/p><p>ul. \u0141owicka 25, lok P1<\/p><\/div>\n\t\t\t\t<\/div>\n\t\t\t\t<\/div>\n\t\t\t\t<div data-id=\"5c502c0\" class=\"elementor-element elementor-element-5c502c0 elementor-widget elementor-widget-text-editor\" data-element_type=\"text-editor.default\">\n\t\t\t\t<div class=\"elementor-widget-container\">\n\t\t\t\t\t<div class=\"elementor-text-editor elementor-clearfix\"><a href=\"mailto:office@vega-english-courses.com\"><span style=\"color: #0069d5;\">office@vega-english-courses.com<\/span><\/a><\/div>\n\t\t\t\t<\/div>\n\t\t\t\t<\/div>\n\t\t\t\t<div data-id=\"e78db4f\" class=\"elementor-element elementor-element-e78db4f elementor-widget elementor-widget-text-editor\" data-element_type=\"text-editor.default\">\n\t\t\t\t<div class=\"elementor-widget-container\">\n\t\t\t\t\t<div class=\"elementor-text-editor elementor-clearfix\"><a href=\"tel:+48600260277\"><span style=\"color: #0069d5;\">+48 600 260 277<\/span><\/a><\/div>\n\t\t\t\t<\/div>\n\t\t\t\t<\/div>\n\t\t\t\t<div data-id=\"bc23a7c\" class=\"elementor-element elementor-element-bc23a7c elementor-shape-circle elementor-widget elementor-widget-social-icons\" data-element_type=\"social-icons.default\">\n\t\t\t\t<div class=\"elementor-widget-container\">\n\t\t\t\t\t<div class=\"elementor-social-icons-wrapper\">\n\t\t\t\t\t\t\t<a class=\"elementor-icon elementor-social-icon elementor-social-icon-facebook elementor-animation-grow\" href=\"https:\/\/www.facebook.com\/pg\/vegaenglish\/posts\/?ref=page_internal\" target=\"_blank\">\n\t\t\t\t\t<span class=\"elementor-screen-only\">Facebook<\/span>\n\t\t\t\t\t<i class=\"fa fa-facebook\"><\/i>\n\t\t\t\t<\/a>\n\t\t\t\t\t\t\t<a class=\"elementor-icon elementor-social-icon elementor-social-icon-pinterest elementor-animation-grow\" href=\"https:\/\/pl.pinterest.com\/aprzeradzka\/\" target=\"_blank\">\n\t\t\t\t\t<span class=\"elementor-screen-only\">Pinterest<\/span>\n\t\t\t\t\t<i class=\"fa fa-pinterest\"><\/i>\n\t\t\t\t<\/a>\n\t\t\t\t\t\t\t<a class=\"elementor-icon elementor-social-icon elementor-social-icon-linkedin elementor-animation-grow\" href=\"https:\/\/www.linkedin.com\/in\/agnieszka-przeradzka-062a1237\/\" target=\"_blank\">\n\t\t\t\t\t<span class=\"elementor-screen-only\">Linkedin<\/span>\n\t\t\t\t\t<i class=\"fa fa-linkedin\"><\/i>\n\t\t\t\t<\/a>\n\t\t\t\t\t<\/div>\n\t\t\t\t<\/div>\n\t\t\t\t<\/div>\n\t\t\t\t\t\t<\/div>\n\t\t\t<\/div>\n\t\t<\/div>\n\t\t\t\t\t\t<\/div>\n\t\t\t<\/div>\n\t\t<\/section>\n\t\t\t\t<section data-id=\"f73804c\" class=\"elementor-element elementor-element-f73804c elementor-section-boxed elementor-section-height-default elementor-section-height-default elementor-section elementor-top-section\" data-element_type=\"section\">\n\t\t\t\t\t\t<div class=\"elementor-container elementor-column-gap-default\">\n\t\t\t\t<div class=\"elementor-row\">\n\t\t\t\t<div data-id=\"ffdff3e\" class=\"elementor-element elementor-element-ffdff3e elementor-column elementor-col-100 elementor-top-column\" data-element_type=\"column\">\n\t\t\t<div class=\"elementor-column-wrap  elementor-element-populated\">\n\t\t\t\t\t<div class=\"elementor-widget-wrap\">\n\t\t\t\t<div data-id=\"d62b3fb\" class=\"elementor-element elementor-element-d62b3fb elementor-widget elementor-widget-wp-widget-text\" data-element_type=\"wp-widget-text.default\">\n\t\t\t\t<div class=\"elementor-widget-container\">\n\t\t\t\t\t\t<div class=\"textwidget\"><div role=\"form\" class=\"wpcf7\" id=\"wpcf7-f1441-o1\" lang=\"pl-PL\" dir=\"ltr\">\n<div class=\"screen-reader-response\"><p role=\"status\" aria-live=\"polite\" aria-atomic=\"true\"><\/p> <ul><\/ul><\/div>\n<form action=\"\/index.php?rest_route=%2Fwp%2Fv2%2Fpages%2F298#wpcf7-f1441-o1\" method=\"post\" class=\"wpcf7-form init\" novalidate=\"novalidate\" data-status=\"init\">\n<div style=\"display: none;\">\n<input type=\"hidden\" name=\"_wpcf7\" value=\"1441\" \/>\n<input type=\"hidden\" name=\"_wpcf7_version\" value=\"5.5.1\" \/>\n<input type=\"hidden\" name=\"_wpcf7_locale\" value=\"pl_PL\" \/>\n<input type=\"hidden\" name=\"_wpcf7_unit_tag\" value=\"wpcf7-f1441-o1\" \/>\n<input type=\"hidden\" name=\"_wpcf7_container_post\" value=\"0\" \/>\n<input type=\"hidden\" name=\"_wpcf7_posted_data_hash\" value=\"\" \/>\n<\/div>\n<p><label class=\"wpcf7-form-label-vega\"><span class=\"wpcf7-form-control-wrap your-name\"><input type=\"text\" name=\"your-name\" value=\"\" size=\"40\" class=\"wpcf7-form-control wpcf7-text wpcf7-validates-as-required\" aria-required=\"true\" aria-invalid=\"false\" placeholder=\"Imi\u0119 i nazwisko\" \/><\/span> <\/label><\/p>\n<p><label class=\"wpcf7-form-label-vega\"> <span class=\"wpcf7-form-control-wrap your-email\"><input type=\"email\" name=\"your-email\" value=\"\" size=\"40\" class=\"wpcf7-form-control wpcf7-text wpcf7-email wpcf7-validates-as-required wpcf7-validates-as-email\" aria-required=\"true\" aria-invalid=\"false\" placeholder=\"E-mail\" \/><\/span> <\/label><\/p>\n<p><label class=\"wpcf7-form-label-vega\"> <span class=\"wpcf7-form-control-wrap your-phone\"><input type=\"text\" name=\"your-phone\" value=\"\" size=\"40\" class=\"wpcf7-form-control wpcf7-text\" aria-invalid=\"false\" placeholder=\"Telefon\" \/><\/span> <\/label><\/p>\n<p><label class=\"wpcf7-form-label-vega\"> <span class=\"wpcf7-form-control-wrap your-message\"><textarea name=\"your-message\" cols=\"40\" rows=\"10\" class=\"wpcf7-form-control wpcf7-textarea\" aria-invalid=\"false\" placeholder=\"Wiadomo\u015b\u0107\"><\/textarea><\/span> <\/label><\/p>\n<p><span class=\"wpcf7-form-control-wrap acceptance-226\"><span class=\"wpcf7-form-control wpcf7-acceptance\"><span class=\"wpcf7-list-item\"><label><input type=\"checkbox\" name=\"acceptance-226\" value=\"1\" aria-invalid=\"false\" \/><span class=\"wpcf7-list-item-label\">Wyra\u017cam zgod\u0119 na przetwarzanie danych osobowych zawartych w formularzu przez  Vega Business Services w celu odpowiedzi na zadane przeze mnie pytanie.<\/span><\/label><\/span><\/span><\/span><\/br><\/p>\n<p><span class=\"wpcf7-form-control-wrap acceptance-227\"><span class=\"wpcf7-form-control wpcf7-acceptance\"><span class=\"wpcf7-list-item\"><label><input type=\"checkbox\" name=\"acceptance-227\" value=\"1\" aria-invalid=\"false\" \/><span class=\"wpcf7-list-item-label\">Wyra\u017cam zgod\u0119 na otrzymywanie informacji handlowej od Vega Business Services Agnieszka Przeradzka-K\u0142usek. za po\u015brednictwem poczty elektronicznej na adres podany w formularzu.<\/span><\/label><\/span><\/span><\/span><\/br><\/p>\n<p><label>Rozwi\u0105\u017c r\u00f3wnanie:<br \/>\n<span class=\"wpcf7-form-control-wrap quiz-637\"><label><span class=\"wpcf7-quiz-label\">4 + 4 = ?<\/span> <input type=\"text\" name=\"quiz-637\" size=\"40\" class=\"wpcf7-form-control wpcf7-quiz cf7-custom-quiz\" autocomplete=\"off\" aria-required=\"true\" aria-invalid=\"false\" \/><\/label><input type=\"hidden\" name=\"_wpcf7_quiz_answer_quiz-637\" value=\"e05ab21e866f84690861dc2331706985\" \/><\/span><\/label><\/p>\n<p><input type=\"submit\" value=\"Wy\u015blij\" class=\"wpcf7-form-control has-spinner wpcf7-submit button\" \/><\/p>\n<div id=\"rodoVega\" class=\"wpcf7-rodo-vega\">\n<span class=\"wpcf7-rodo-vega-title\" style=\"color: #ff0000\">KLAUZULA INFORMACYJNA DOTYCZ\u0104CA PRZETWARZANIA DANYCH OSOBOWYCH(RODO):<\/span><\/p>\n<div class=\"wpcf7-rodo-vega-more\" type=\"custom-btn\">ROZWI\u0143<\/div>\n<div class=\"wpcf7-rodo-vega-description\">\n<h4>Podstawa prawna:<\/h4>\n<p>Obowi\u0105zek informacyjny, dotycz\u0105cy informowania odbiorc\u00f3w o przetwarzaniu ich danych osobowych w celach korespondencyjnych wynika z art. 13 Rozporz\u0105dzenie Parlamentu Europejskiego i Rady (UE) 2016\/679 z dnia 27 kwietnia 2016 r. w sprawie ochrony os\u00f3b fizycznych w zwi\u0105zku z przetwarzaniem danych osobowych i w sprawie swobodnego przep\u0142ywu takich danych oraz uchylenia dyrektywy 95\/46\/WE (OJ L 119, 4.5.2016, p. 1\u201388, L 119\/1) (og\u00f3lne rozporz\u0105dzenie o ochronie danych) - nazywane r\u00f3wnie\u017c RODO.<\/p>\n<h4>Cel przetwarzania danych osobowych<\/h4>\n<p>Pani\/Pana dane osobowe, przekazane nam za po\u015brednictwem naszej strony internetowej www.vega-english-courses.com \/formularza kontaktowego lub w inny spos\u00f3b (przekazanie wizyt\u00f3wki, przes\u0142anie poczty elektronicznej: office@vega-english-courses.com, agnieszka.przeradzka@vega-english-courses.com, kontakt telefoniczny: 600 260 277, s\u0105 gromadzone, przetwarzane i przechowywane w celu prowadzenia korespondencji z Pa\u0144stwem i w celu, dla kt\u00f3rego zosta\u0142y nam udost\u0119pnione: tj. zapytanie o kursy j\u0119zykowe, przedstawienie i negocjowanie ofert tych kurs\u00f3w, podpisywanie um\u00f3w dotycz\u0105cych kurs\u00f3w j\u0119zykowych, oraz prowadzenie spraw administracyjnych zwi\u0105zanych z dzia\u0142alno\u015bci\u0105 firmy Vega, (patrz: pkt. Odbiorcy danych).<br \/>\nPodanie danych jest dobrowolne, ale niezb\u0119dne do realizacji powy\u017cszych cel\u00f3w.\n<\/p>\n<h4>Okres przechowywania danych<\/h4>\n<p>Pa\u0144stwa dane osobowe b\u0119d\u0105 przetwarzane i przechowywane przez okres niezb\u0119dny do wype\u0142nienia celu, w jakim zosta\u0142y zebrane, czyli przez okres trwania umowy kursu j\u0119zykowego, przez okres wskazany w tre\u015bci klauzuli zgody lub do czasu jej wycofania W razie uzasadnionej informacji o mo\u017cliwo\u015bci wyst\u0105pienia roszcze\u0144, Pa\u0144stwa dane osobowe b\u0119d\u0105 tak\u017ce przechowywane do up\u0142ywu termin\u00f3w ich przedawnienia, a tak\u017ce zgodnie z przepisami prawnymi dot. prowadzenia firmy i okresu przechowywania dokumentacji finansowych.<\/p>\n<h4>Odbiorcy danych<\/h4>\n<p>W zale\u017cno\u015bci od celu, w jakim przetwarzamy Pa\u0144stwa dane osobowe, mo\u017cemy je ujawnia\u0107 nast\u0119puj\u0105cym podmiotom:<br \/>\n1.\tpracownikom lub wsp\u00f3\u0142pracownikom firmy, jak te\u017c podmiotom udzielaj\u0105cym wsparcia firmie na zasadzie zleconych us\u0142ug i zgodnie z zawartymi umowami powierzenia.<br \/>\n2.\torganom pa\u0144stwowym lub innym podmiotom uprawnionym na podstawie przepis\u00f3w \u2013 je\u015bli jest to niezb\u0119dne do realizacji obowi\u0105zk\u00f3w prawnych,<br \/>\n3.\tpodmiotom wspieraj\u0105cym nas w prowadzonej dzia\u0142alno\u015bci na nasze zlecenie, w szczeg\u00f3lno\u015bci: dostawcom zewn\u0119trznych system\u00f3w teleinformatycznych wspieraj\u0105cym nasz\u0105 dzia\u0142alno\u015b\u0107, podwykonawcom, podmiotom audytuj\u0105cym nasz\u0105 dzia\u0142alno\u015b\u0107 lub rzeczoznawcom, przy czym takie podmioty b\u0119d\u0105 przetwarza\u0107 dane na podstawie umowy z Administratorem i wy\u0142\u0105cznie zgodnie z jego poleceniami,<br \/>\n4.\tpodmiotom \u015bwiadcz\u0105cym us\u0142ugi ksi\u0119gowe, kadrowe lub prawne \u2013 w zakresie niezb\u0119dnym do zapewnienia realizacji obowi\u0105zk\u00f3w prawnych lub ustalenia, dochodzenia i obrony roszcze\u0144,<br \/>\n5.\tu\u017cytkownikom strony internetowej, medi\u00f3w spo\u0142eczno\u015bciowych lub innej publiczno\u015bci \u2013 w przypadku wa\u017cnej podstawy prawnej do upublicznienia danych,<br \/>\n6.\tfirmom utylizuj\u0105cym lub archiwizuj\u0105cym dokumenty i inne no\u015bniki \u2013 w zakresie, w jakim dane przechowywane s\u0105 w wersji papierowej lub na tych no\u015bnikach,<br \/>\n7.\tfirmom \u015bwiadcz\u0105cym us\u0142ugi kurierskie i pocztowe \u2013 w przypadku prowadzenia korespondencji,<br \/>\n8.\tbankom, zak\u0142adom ubezpiecze\u0144 oraz pozosta\u0142ym instytucjom finansowym i p\u0142atniczym - w przypadku konieczno\u015bci prowadzenia rozlicze\u0144,<br \/>\n9.\tpo\u015brednikom, agentom i pe\u0142nomocnikom dzia\u0142aj\u0105cym w imieniu organizacji,<br \/>\n10.\tfirmom prowadz\u0105cym dzia\u0142ania marketingowe,<br \/>\n11.\tKrajowemu Rejestrowi D\u0142ug\u00f3w Biuro Informacji Gospodarczej Sp\u00f3\u0142ka Akcyjna,<br \/>\n12.\tfirmom transportowym.<br \/>\n13.\tPani\/Pana dane osobowe nie b\u0119d\u0105 przetwarzane w spos\u00f3b zautomatyzowany i nie b\u0119d\u0105 profilowane, ani przekazywane do pa\u0144stw trzecich.\n<\/p>\n<h4>Pana\/Pani prawa<\/h4>\n<p>Posiada Pani\/Pan prawo dost\u0119pu do tre\u015bci swoich danych, prawo ich sprostowania, usuni\u0119cia, ograniczenia przetwarzania, prawo do przenoszenia danych lub do wniesienia sprzeciwu wobec ich przetwarzania oraz prawa do przenoszenia danych do innego administratora danych. W przypadku wyra\u017cenia dobrowolnej zgody, przys\u0142uguje Panu\/Pani prawo cofni\u0119cia zgody na przetwarzanie danych w dowolnym momencie co nie wp\u0142ywa na zgodno\u015b\u0107 z prawem przetwarzania, kt\u00f3rego dokonano na podstawie zgody przed jej cofni\u0119ciem. <\/p>\n<p>Informujemy tak\u017ce, \u017ce przys\u0142uguje Panu\/Pani prawo wniesienia skargi do organu nadzoruj\u0105cego przestrzeganie przepis\u00f3w ochrony danych osobowych, <a href=\"https:\/\/uodo.gov.pl\/\">PUODO<\/a>,  gdy Pan\/Pani uzna, i\u017c przetwarzanie jej \/jego danych osobowych narusza przepisy RODO, tj. do Prezesa Urz\u0119du Ochrony Danych Osobowych, wi\u0119cej informacji pod adresem: <a href=\"https:\/\/uodo.gov.pl\/pl\/p\/skargi\">https:\/\/uodo.gov.pl\/pl\/p\/skargi<\/a>, <a href=\"https:\/\/uodo.gov.pl\/p\/prezes-i-urzad\">https:\/\/uodo.gov.pl\/p\/prezes-i-urzad<\/a><\/p>\n<h4>Administrator Danych Osobowych:<\/h4>\n<p>Vega Business Services Agnieszka Przeradzka-K\u0142usek,                                                                       ul. \u0141owicka 25 lok. P1, 02-502 Warszawa,<br \/>\ne-mail: agnieszka.przeradzka@vega-english-courses.com,<br \/>\ntel. 600 260 277\n<\/p>\n<h4>Inspektor Ochrony Danych:<\/h4>\n<p>agnieszka.przeradzka@vega-english-courses.com, tel. 600 260 277<\/p>\n<\/div>\n<\/div>\n<div class=\"wpcf7-response-output\" aria-hidden=\"true\"><\/div><\/form><\/div>\n<\/div>\n\t\t\t\t<\/div>\n\t\t\t\t<\/div>\n\t\t\t\t\t\t<\/div>\n\t\t\t<\/div>\n\t\t<\/div>\n\t\t\t\t\t\t<\/div>\n\t\t\t<\/div>\n\t\t<\/section>\n\t\t\t\t<section data-id=\"87baa86\" class=\"elementor-element elementor-element-87baa86 elementor-section-stretched elementor-section-boxed elementor-section-height-default elementor-section-height-default elementor-section elementor-top-section\" data-settings=\"{&quot;stretch_section&quot;:&quot;section-stretched&quot;}\" data-element_type=\"section\">\n\t\t\t\t\t\t<div class=\"elementor-container elementor-column-gap-default\">\n\t\t\t\t<div class=\"elementor-row\">\n\t\t\t\t<div data-id=\"a322406\" class=\"elementor-element elementor-element-a322406 elementor-column elementor-col-100 elementor-top-column\" data-element_type=\"column\">\n\t\t\t<div class=\"elementor-column-wrap  elementor-element-populated\">\n\t\t\t\t\t<div class=\"elementor-widget-wrap\">\n\t\t\t\t<div data-id=\"6ce0229\" class=\"elementor-element elementor-element-6ce0229 elementor-widget elementor-widget-google_maps\" data-element_type=\"google_maps.default\">\n\t\t\t\t<div class=\"elementor-widget-container\">\n\t\t\t<div class=\"elementor-custom-embed\"><iframe frameborder=\"0\" scrolling=\"no\" marginheight=\"0\" marginwidth=\"0\" src=\"https:\/\/maps.google.com\/maps?q=vega%20english&amp;t=m&amp;z=17&amp;output=embed&amp;iwloc=near\" aria-label=\"vega english\"><\/iframe><\/div>\t\t<\/div>\n\t\t\t\t<\/div>\n\t\t\t\t\t\t<\/div>\n\t\t\t<\/div>\n\t\t<\/div>\n\t\t\t\t\t\t<\/div>\n\t\t\t<\/div>\n\t\t<\/section>\n\t\t\t\t<section data-id=\"440fa3d\" class=\"elementor-element elementor-element-440fa3d elementor-section-stretched elementor-section-boxed elementor-section-height-default elementor-section-height-default elementor-section elementor-top-section\" data-settings=\"{&quot;stretch_section&quot;:&quot;section-stretched&quot;,&quot;background_background&quot;:&quot;classic&quot;}\" data-element_type=\"section\">\n\t\t\t\t\t\t<div class=\"elementor-container elementor-column-gap-default\">\n\t\t\t\t<div class=\"elementor-row\">\n\t\t\t\t<div data-id=\"458d108\" class=\"elementor-element elementor-element-458d108 elementor-column elementor-col-33 elementor-top-column\" data-element_type=\"column\">\n\t\t\t<div class=\"elementor-column-wrap  elementor-element-populated\">\n\t\t\t\t\t<div class=\"elementor-widget-wrap\">\n\t\t\t\t<div data-id=\"88c6e71\" class=\"elementor-element elementor-element-88c6e71 elementor-align-center elementor-widget elementor-widget-button\" data-element_type=\"button.default\">\n\t\t\t\t<div class=\"elementor-widget-container\">\n\t\t\t\t\t<div class=\"elementor-button-wrapper\">\n\t\t\t<a href=\"https:\/\/vega-english-courses.com\/wp-content\/uploads\/2024\/06\/Polityka-prywatnosci.pdf\" class=\"elementor-button-link elementor-button elementor-size-sm\" role=\"button\">\n\t\t\t\t\t\t<span class=\"elementor-button-content-wrapper\">\n\t\t\t\t\t\t<span class=\"elementor-button-text\">Polityka prywatno\u015bci<\/span>\n\t\t<\/span>\n\t\t\t\t\t<\/a>\n\t\t<\/div>\n\t\t\t\t<\/div>\n\t\t\t\t<\/div>\n\t\t\t\t\t\t<\/div>\n\t\t\t<\/div>\n\t\t<\/div>\n\t\t\t\t<div data-id=\"1e1bf3a\" class=\"elementor-element elementor-element-1e1bf3a elementor-column elementor-col-33 elementor-top-column\" data-element_type=\"column\">\n\t\t\t<div class=\"elementor-column-wrap  elementor-element-populated\">\n\t\t\t\t\t<div class=\"elementor-widget-wrap\">\n\t\t\t\t<div data-id=\"aaca8da\" class=\"elementor-element elementor-element-aaca8da elementor-align-center elementor-widget elementor-widget-button\" data-element_type=\"button.default\">\n\t\t\t\t<div class=\"elementor-widget-container\">\n\t\t\t\t\t<div class=\"elementor-button-wrapper\">\n\t\t\t<a href=\"https:\/\/vega-english-courses.com\/wp-content\/uploads\/2024\/06\/Polityka-opinii.pdf\" class=\"elementor-button-link elementor-button elementor-size-sm\" role=\"button\">\n\t\t\t\t\t\t<span class=\"elementor-button-content-wrapper\">\n\t\t\t\t\t\t<span class=\"elementor-button-text\">Polityka opinii<\/span>\n\t\t<\/span>\n\t\t\t\t\t<\/a>\n\t\t<\/div>\n\t\t\t\t<\/div>\n\t\t\t\t<\/div>\n\t\t\t\t\t\t<\/div>\n\t\t\t<\/div>\n\t\t<\/div>\n\t\t\t\t<div data-id=\"3b44d3a\" class=\"elementor-element elementor-element-3b44d3a elementor-column elementor-col-33 elementor-top-column\" data-element_type=\"column\">\n\t\t\t<div class=\"elementor-column-wrap  elementor-element-populated\">\n\t\t\t\t\t<div class=\"elementor-widget-wrap\">\n\t\t\t\t<div data-id=\"cfac7e0\" class=\"elementor-element elementor-element-cfac7e0 elementor-align-center elementor-widget elementor-widget-button\" data-element_type=\"button.default\">\n\t\t\t\t<div class=\"elementor-widget-container\">\n\t\t\t\t\t<div class=\"elementor-button-wrapper\">\n\t\t\t<a href=\"https:\/\/vega-english-courses.com\/wp-content\/uploads\/2024\/06\/Standardy-wersja-zupelna-i-skrocona.pdf\" class=\"elementor-button-link elementor-button elementor-size-sm\" role=\"button\">\n\t\t\t\t\t\t<span class=\"elementor-button-content-wrapper\">\n\t\t\t\t\t\t<span class=\"elementor-button-text\">Standardy ochrony ma\u0142oletnich<\/span>\n\t\t<\/span>\n\t\t\t\t\t<\/a>\n\t\t<\/div>\n\t\t\t\t<\/div>\n\t\t\t\t<\/div>\n\t\t\t\t\t\t<\/div>\n\t\t\t<\/div>\n\t\t<\/div>\n\t\t\t\t\t\t<\/div>\n\t\t\t<\/div>\n\t\t<\/section>\n\t\t\t\t\t\t<\/div>\n\t\t\t<\/div>\n\t\t<\/div>\n\t\t","protected":false},"excerpt":{"rendered":"<p>Kontakt Masz pytania? Z ch\u0119ci\u0105 pomo\u017cemy! Vega\u00a0 Akademia J\u0119zyk\u00f3w Obcych 02-502 Warszawa ul. \u0141owicka 25, lok P1 office@vega-english-courses.com+48 600 260 277 Facebook Pinterest Linkedin Polityka prywatno\u015bci Polityka opinii Standardy ochrony ma\u0142oletnich<\/p>\n","protected":false},"author":1,"featured_media":0,"parent":0,"menu_order":0,"comment_status":"closed","ping_status":"closed","template":"elementor_header_footer","meta":[],"_links":{"self":[{"href":"https:\/\/vega-english-courses.com\/index.php?rest_route=\/wp\/v2\/pages\/298"}],"collection":[{"href":"https:\/\/vega-english-courses.com\/index.php?rest_route=\/wp\/v2\/pages"}],"about":[{"href":"https:\/\/vega-english-courses.com\/index.php?rest_route=\/wp\/v2\/types\/page"}],"author":[{"embeddable":true,"href":"https:\/\/vega-english-courses.com\/index.php?rest_route=\/wp\/v2\/users\/1"}],"replies":[{"embeddable":true,"href":"https:\/\/vega-english-courses.com\/index.php?rest_route=%2Fwp%2Fv2%2Fcomments&post=298"}],"version-history":[{"count":39,"href":"https:\/\/vega-english-courses.com\/index.php?rest_route=\/wp\/v2\/pages\/298\/revisions"}],"predecessor-version":[{"id":1636,"href":"https:\/\/vega-english-courses.com\/index.php?rest_route=\/wp\/v2\/pages\/298\/revisions\/1636"}],"wp:attachment":[{"href":"https:\/\/vega-english-courses.com\/index.php?rest_route=%2Fwp%2Fv2%2Fmedia&parent=298"}],"curies":[{"name":"wp","href":"https:\/\/api.w.org\/{rel}","templated":true}]}}